= z + -323. Is y prime?
False
Let t = -2557 - -6201. Let k = 7633 - t. Is k a prime number?
True
Let p(y) = -2*y**3 - 27 + 44*y**2 - 4*y - 4*y - 17*y. Let t be p(22). Let a = 2036 + t. Is a a prime number?
True
Suppose -627 = -11*j - 638. Let t(p) = -21468*p**3 - p**2 + 5*p + 5. Is t(j) composite?
False
Let s(r) = -r**3 - 7*r**2 - 15*r + 5. Let a be s(-8). Is 1*((-2)/(-7) - (-315387)/a) a composite number?
False
Suppose 270*q - 78*q = -41*q + 138539703. Is q a prime number?
False
Suppose 19422931 = 71*p - 14900988 + 4134222. Is p a prime number?
True
Let p(q) = -2*q**2 + 168*q - 27. Suppose -284 - 64 = -12*f. Is p(f) a composite number?
False
Let c = -106 - -101. Let p be c*(-2)/(-4)*(-28)/14. Suppose 1610 = 2*w - 3*s + p*s, 5*s + 2447 = 3*w. Is w composite?
False
Is -3 - (23502096/(-90) + 5 - (-3)/(-5)) a prime number?
True
Suppose -13*v + 1405245 = 6*v - 4*v. Is v composite?
False
Let d(z) be the second derivative of -z**5/20 + 7*z**4/4 + 35*z**3/3 + 13*z**2/2 + 117*z. Is d(21) a prime number?
True
Let w(c) = 167*c**2 - c - 40. Let k be w(-5). Is 1*40714/30 + (-552)/k prime?
False
Let s(a) = 4*a - 22. Let p be s(6). Is p/(-3*(-14)/14343) prime?
True
Let l(t) = -2562*t - 222. Let p be l(-6). Suppose 15*k - 41265 = p. Is k composite?
False
Suppose -14*i + 59235 + 127700 = -177023. Is i prime?
True
Let r(a) = 1464*a - 12. Let n be r(-7). Let s = -3209 - n. Suppose s + 2495 = 6*v. Is v a prime number?
False
Suppose -s - 107158 = -5*t, 18742 = 3*t - s - 45554. Is t composite?
True
Is (-11 + 31 - 39)/(1 + (-16528)/16526) a composite number?
True
Suppose 0 = 2*f + 22*f - 807504. Is f a composite number?
True
Let i(v) = v**3 - 9*v**2 + 3*v + 42. Let m be i(8). Suppose m*a + a - 2*g = 3835, -4*a + 5106 = g. Is a a prime number?
True
Let l(u) = -275*u + 354. Is l(-43) a composite number?
True
Let o be 1622*(5/2 + -2). Let j(r) = -6*r**2 + r - 25. Let h be j(7). Let v = h + o. Is v prime?
True
Suppose 0*t - 4*t = -5*v + 433, 5*t + 350 = 4*v. Let p = v + 217. Suppose -5*b + 1017 = p. Is b prime?
False
Suppose 168*d + 453670 = 182*d. Is d a prime number?
False
Suppose 12 = 25*z - 23*z. Suppose z*c - 1228 = 2*c. Is c a composite number?
False
Suppose 4*s - 116 + 180 = 0. Let l be (-172)/s - 6/(-24). Suppose 0 = l*g - 6637 - 15946. Is g composite?
False
Let u(j) = 2538*j**2 - 13*j - 16. Let c be u(8). Is -1*c/(-18) - (-2)/(-6) a composite number?
True
Let w(f) be the third derivative of -107*f**4/24 + 34*f**3/3 - 150*f**2. Is w(-3) a prime number?
True
Suppose -30 = -4*i + 18. Let q(g) = -13*g + 51*g + 5*g + 24*g + 3*g - 43. Is q(i) a prime number?
True
Suppose 41*u + 5*y = 45*u - 2657254, -3321587 = -5*u + 3*y. Is u a composite number?
True
Let r(b) = -32*b + 40. Let m be r(6). Let o = m - -214. Suppose -61*q = -o*q + 326. Is q a composite number?
True
Let f = -652 + 563. Let w = f + 6708. Is w composite?
False
Let n(r) = 5060*r**2 - 47*r + 79. Is n(6) a prime number?
True
Let r = 2916 - -775. Is r composite?
False
Suppose 23*y + 115687 - 828515 = 4138723. Is y a prime number?
False
Let r(x) = -x**2 + 9*x + 14. Let s be r(10). Let m be 2/(-8) + 1/s. Suppose u + 2*w = 1937, 4*u + 4*w + m*w = 7736. Is u prime?
True
Suppose 15 = -5*q, -3*g = q + 3*q - 195. Let k = -1294 - -1352. Let y = g + k. Is y a prime number?
True
Let x be (1 + (-10)/4)/(13/(-468)). Let t(k) = -31 + x + k + 10*k**2 + k. Is t(8) composite?
True
Let l(c) = -2*c + 253. Let n(o) = -o**2 + 8*o + 11. Let r be n(7). Let m = 18 - r. Is l(m) composite?
True
Suppose 5*r - 5*s = -5, 24*r - 7 = 23*r - 3*s. Is 139503/56 - (-2)/(-16)*r a composite number?
True
Let z(g) = -8 - 2 - 60*g + 86*g**2 + 53*g - 12*g**2. Let m be z(-3). Suppose m = -0*i + i. Is i prime?
True
Is -65679*(-3)/63*7 composite?
False
Let i = -41 + 38. Let b = i - -87. Let m = 207 - b. Is m prime?
False
Suppose -5*m = -10 - 5. Let a be m/(2 + 1396/(-704)). Let k = 413 - a. Is k a composite number?
True
Let g be ((0/4)/5)/4. Suppose g = -2*n + p + 28748, 2*n + p - 29943 = -1195. Let m = n + -9513. Is m a composite number?
False
Let t(a) = -10*a + 34. Let s be t(3). Let w(l) = 497*l**2 - 2*l - 20. Let g(v) = 166*v**2 - v - 7. Let k(p) = -17*g(p) + 6*w(p). Is k(s) composite?
False
Let f(s) = -s**3 - 21*s**2 - 578*s + 41. Is f(-29) a prime number?
True
Suppose t - d - 32 = 0, -2*d + 5*d = 12. Is (88068/27)/4 - 16/t a composite number?
True
Let j be (2 - 3)/(2*(-2)/20). Suppose -4*r - j + 29 = 0. Suppose r*m = 2*m + 3*y + 3655, m = -y + 912. Is m prime?
False
Suppose 3*b - b - 30 = -5*o, -5*o + 30 = -2*b. Let t be (-2 - 0)/o - 80/30. Is -4 + (-3*383)/t a prime number?
True
Suppose -x = 6 - 9. Suppose -3*b - 135 = -x*c + 108, 3*c = 4*b + 243. Let a = c - -50. Is a a composite number?
False
Suppose v - 151*q = -147*q + 134151, 4*v = -5*q + 536562. Is v a prime number?
False
Let v = 338 + -346. Is (-10 - v)/((-10)/10785) a composite number?
True
Let i(h) = -2500*h + 5. Let b be i(-2). Let g = b - -2430. Is (g/15 - 3)*(-3)/(-2) composite?
False
Let w = 7446 - 7428. Let n = -7 - -4. Is (n/(w/5916))/(-2) composite?
True
Let a = 713344 - 299187. Is a a composite number?
False
Suppose 4*z = 209324 + 86411 + 21997. Is z composite?
False
Let s = -809 - -763. Is -6 - (23/s + (-17674)/4) composite?
True
Suppose 4*h = -b + 69335, -40*b = -43*b + 2*h + 208047. Is b composite?
True
Let a = -1620 - -7611. Is a composite?
True
Suppose 2*k = 3*u - 4415, 4*u - 14*k - 5890 = -12*k. Suppose 2*c + v = -2*v + u, 0 = -2*c + 2*v + 1500. Is c a prime number?
False
Let s = 958368 - 507053. Is s a composite number?
True
Let p(v) = 2*v**3 + 39*v**2 - 14*v + 17. Let k(n) = 5*n**3 + 79*n**2 - 27*n + 36. Let b(q) = 3*k(q) - 7*p(q). Is b(40) composite?
False
Suppose 4*m + 35947 = 24*h - 19*h, -3*h + 21552 = 3*m. Is h composite?
False
Let t = 35826 - -4633. Is t composite?
False
Suppose -a + 192 + 1610 = 0. Let r = a - -113. Suppose -8*w = -8077 - r. Is w a prime number?
True
Let u = -278 + 278. Suppose 12*k - 7*k - 3715 = u. Is k prime?
True
Let c(p) = 14*p**2 - 4*p + 2. Let b be c(-2). Let s = -76 + b. Is (-4)/s - 17559/(-15) composite?
False
Let v(q) = 39*q**3 - 96*q**2 - 2*q + 7 + 28*q**2 + 43*q**2 + 30*q**2. Is v(5) composite?
True
Suppose 4*t = 2*t + 2*g + 13964, t - 3*g - 6986 = 0. Suppose -590*b + 585*b + 26775 = 0. Suppose t = 5*c - b. Is c a prime number?
True
Let q(k) = -189*k**3 + 6*k**2 + 217*k + 3033. Is q(-13) a prime number?
True
Let m be 2 + (17 + -3 - 4). Suppose 0 = -7*s + m*s - 25. Suppose s*i - 1552 = 3163. Is i a composite number?
True
Let s(v) = 104*v**2 - 2*v + 9. Is s(17) a prime number?
False
Suppose -2*o + o = 5*s + 5, 0 = o + s + 13. Let g be (-190)/(-2)*((-129)/o + -3). Suppose -255 = -p + g. Is p a prime number?
True
Is 735/175 - 5 - ((-575168)/10 - 1) composite?
True
Let p = -2848 + -4274. Is p/(-4) - (-10)/20 a prime number?
False
Let t(i) = 85*i**2 - 15*i + 17. Let b be (2/4 - 1/(-4))*12. Is t(b) a prime number?
False
Let u be (3240/126)/((-1)/490). Let x = u + 18829. Is x prime?
True
Is 8109/(-371) + 21 + (10396172/14)/2 a composite number?
False
Suppose 5*y - 2360105 = 5*q, -19*q = 4*y - 21*q - 1888080. Is y composite?
False
Let r be 74916/14 - ((-15)/(-21))/5. Suppose 7*b + 1243 = -r. Is b/(-4)*(-8)/(-4) a prime number?
False
Is ((25004/(-57))/(-47))/((-8)/(-1272486)) prime?
False
Let f be ((-2 + 3)*0)/(5 - 7). Suppose 0 = -3*a - f*a + 39. Let u(c) = 2*c**3 - 12*c**2 - 2*c + 21. Is u(a) a prime number?
False
Suppose 48*o = 53*o - 29525. Is o a composite number?
True
Let t(c) = 175*c + 21. Let o(i) = -349*i - 44. Let u(r) = 3*o(r) + 5*t(r). Is u(-11) a prime number?
False
Let v(w) = -6*w**2 - 131*w + 24. Let f be v(-22). Let x(p) be the third derivative of 5*p**6/12 - p**5/20 + p**4/24 - p**3/6 + p**2. Is x(f) a composite number?
False
Is 17861/371*7/3*3 composite?
False
Suppose 4*o + 2*u - 2837 = 3*u, 4*o - 2842 = 2*u. Suppose 27*r = 30*r - o. Let s = 161 + r. Is s composite?
False
Suppose 8526 = -0*n + 2*n. Let m = -3175 + 1493. Let d = n + m. Is d a composite number?
True
Let p = 51621 - -541280. Is p a composite number?
True
Let b(t) = 43*t**3 - 4*t**2 - 5*t + 7. Let g(n) = 43*n**3 - 3*n**2 - 4*n + 7. Let u = -86 - -89. Let f(r) = u*b(r) - 4*g(r). Is f(-3) composite?
False
Let n = 3202 + -2217. Suppose -35*t + 38110 = -n. Is t 